ppose s - w*s = -162. What is the greatest common factor of l and s?
18
Let t(y) = y**2 + 3*y - 4. Let u be t(-6). Let v be 1 + (-2)/(-4)*u. Let c be (-2 - (-10)/4)*v. What is the greatest common divisor of c and 28?
4
Suppose 5*k = 5*t + 30, -t = -2*t - 1. Suppose 114 - 4 = k*v. Let o = -7 + 9. Calculate the greatest common divisor of v and o.
2
Let w = 4 - -12. Suppose 5*d = d + w. Suppose 3*p - 14 = d. Calculate the greatest common factor of p and 42.
6
Suppose -2*s + 3*s = -m, 0 = 4*m. Let c be (s - (-8)/(-6))*-6. Calculate the greatest common factor of c and 88.
8
Let s = -2 - -16. Let k = s - -31. Suppose -2*h + 5*f = -18, 3*f = -5*h + 7*f + k. Calculate the highest common factor of h and 36.
9
Let d = 5 + 1. Let k be (d/(-2))/((-2)/6). Let z be 3/(6/158) + 2. What is the greatest common divisor of k and z?
9
Suppose -2164 = -12*k - 652. What is the greatest common factor of 14 and k?
14
Let t be (-21 + 46)*(24/5)/2. What is the greatest common factor of t and 90?
30
Let y = 82 - 34. Calculate the highest common factor of y and 12.
12
Suppose -5*n = 3*y - 34, 0 = -0*n + 4*n - 20. Suppose 0 = f - 4*f + y. Let b be -1 - (-30)/2 - f. What is the highest common factor of b and 65?
13
Let t = 10 + -5. Suppose -r - 1 + t = 0. Let u(y) = -y**2 - 8*y + 2. Let x be u(-8). What is the highest common factor of r and x?
2
Suppose -r = 2*r - 18. Let m(l) = l**3 - 5*l**2 + 4. Let n = 1 + 4. Let j be m(n). What is the highest common factor of j and r?
2
Let n = -30 - -35. What is the highest common divisor of n and 5?
5
Suppose 0 = 3*b - 2*b - 3. Suppose -l + 46 = -4*m + 1, -50 = -l + b*m. Let v be (l/4)/(1/4). Calculate the highest common divisor of 13 and v.
13
Let d(s) = s**2 - 3*s - 3. Let h be d(-3). Suppose 3*z = 4*z - h. Calculate the highest common divisor of z and 165.
15
Suppose -4*f - 3*x + 108 = 0, 3*f + x = -4*x + 92. Let q(p) = 3 - p**2 - p + 7 + 0*p - 5*p. Let z be q(-7). What is the greatest common divisor of z and f?
3
Let n be -1 - -1 - -4 - 0. Let p(h) = 11*h - 17. Let c be p(3). What is the greatest common factor of c and n?
4
Let o = -44 + 94. Calculate the highest common divisor of 20 and o.
10
Let t = 16 - 14. Let l = 6 + t. What is the greatest common divisor of l and 72?
8
Let z = -15 - -20. Let w(h) = 2*h**2 - 7*h - 1. Let k be w(z). What is the greatest common factor of 21 and k?
7
Suppose 90 = 6*p - p. Let v = -9 + 11. Let x(t) = -t**3 + 5*t**2 - 2*t + 1. Let y be x(v). What is the greatest common factor of p and y?
9
Suppose -h - q + 2*q + 9 = 0, 4*q = 4. What is the highest common factor of 130 and h?
10
Let u = 230 + -98. Suppose z + 10 = -2*b, -3*z - z - 4 = -b. Let c be b/(-6) + (-136)/(-12). What is the highest common divisor of c and u?
12
Let j(t) be the third derivative of t**5/60 + 3*t**4/8 + 2*t**3/3 + 7*t**2. Let o be j(-9). Calculate the highest common divisor of 16 and o.
4
Suppose 0 = -4*l - d + 113, 0 = -0*d + 3*d - 3. What is the greatest common divisor of l and 42?
14
Let q = -213 - -324. Suppose -q - 139 = -5*d. Suppose -40 = 3*w - 7*w. What is the highest common divisor of d and w?
10
Let s = 0 - 0. Suppose s*c + 5*c = -3*k + 37, -11 = c - 4*k. Suppose 0 = -c*q - 0*q + 120. Calculate the greatest common divisor of q and 36.
12
Let f = 42 + 2. Let u = f - 4. What is the highest common factor of u and 4?
4
Let j be ((-2)/4)/((-8)/432). What is the greatest common divisor of 3 and j?
3
Suppose 5*i - 4*i = 5. Let k = 0 + i. Suppose -2*p + 5*q + 214 = 19, -k*q = 15. What is the highest common divisor of 18 and p?
18
Let y = -9 - -29. What is the highest common divisor of 20 and y?
20
Let q = -7 + 40. Suppose -3*l + 6*l = -3*j + 3, -2*l = 5*j + 1. Suppose 5*p - 19 = -m - 2*m, l = 4*m - 5*p. What is the greatest common factor of q and m?
3
Let y(i) = -i + 5. Let n be (-4)/(-24) + 50/(-12). Let v be y(n). Let b = 15 - v. Calculate the greatest common factor of 30 and b.
6
Let b(w) = 99*w**3. Let p be b(-1). Let m = 242 + p. What is the greatest common factor of 13 and m?
13
Let q(o) = o**3 - 3*o + 2. Let d be q(2). Let b = 11 - 8. Let g be 5*32/30*b. What is the greatest common factor of d and g?
4
Let q(v) = 4*v - 38. Let b be q(12). Calculate the highest common divisor of 110 and b.
10
Let g = -44 + 152. What is the highest common divisor of 36 and g?
36
Suppose -14*f + 16*f - 70 = 0. What is the highest common factor of 5 and f?
5
Let r be ((-72)/16)/(1/(-66)). What is the highest common divisor of 33 and r?
33
Let c = -7 - -17. Calculate the greatest common factor of c and 110.
10
Suppose 11*l + 4*v = 12*l - 48, -5*v = -4*l + 236. What is the highest common divisor of 96 and l?
32
Let o(y) be the first derivative of y**3/3 + 3*y**2 - 6*y - 2. Let s be o(-7). Suppose -n + 7 = -s. Calculate the highest common divisor of n and 4.
4
Let l be 2/(-3) - 110/6. Let d = -11 - l. Let g = -65 - -153. What is the greatest common factor of g and d?
8
Let u be (2/(-5))/((-3)/30). Suppose u*o + 5 = -o. Let y be (1 + -6)/(1/o). What is the greatest common divisor of 55 and y?
5
Let d = -8 + 14. Let t = d + -5. What is the greatest common divisor of 5 and t?
1
Suppose -30 = -0*i - 5*i. Calculate the highest common divisor of i and 66.
6
Let z = 213 + -123. What is the highest common factor of 10 and z?
10
Suppose 3*l = 19 + 44. What is the highest common factor of 14 and l?
7
Suppose -4*c = -0*c - 92. What is the greatest common factor of 253 and c?
23
Let d(s) = s**3 + 3*s**2 + 3. Let r be d(-3). What is the greatest common divisor of r and 15?
3
Let r = -36 - -52. What is the greatest common factor of 2 and r?
2
Let s(j) = -j**3 - 10*j**2 - 11*j + 10. Let k be s(-9). Calculate the highest common factor of 140 and k.
28
Let x(w) = -w**3 + 12*w**2 - 9*w + 5. Let u be x(11). Calculate the greatest common divisor of 27 and u.
27
Suppose 0 = -0*u + 5*u. Suppose 3*r + 2*p - 4 = -u*p, 5*p = -4*r + 17. Let o be (r/4)/((-3)/720). What is the highest common divisor of 15 and o?
15
Let t(c) = -c**2 + 5*c + 6. Let u be t(5). Suppose -4*k - d + 263 = 0, -41 = -2*k + 5*d + 96. Calculate the highest common factor of k and u.
6
Suppose -4*k + 2*k = -30. Calculate the greatest common factor of k and 6.
3
Let y = 33 + -19. Calculate the highest common factor of 2 and y.
2
Suppose 0 = 2*f - 4*k - 38, -3*f = -2*k + k - 37. Calculate the greatest common factor of f and 22.
11
Let x(g) = 5*g + 3. Suppose 4*b - 32 = -2*y + 7*y, -b = 3*y + 9. Let d be x(b). What is the greatest common divisor of 144 and d?
18
Suppose 3 = 2*w - 9. What is the highest common divisor of 60 and w?
6
Let a be (-4)/14 + 28/98. Suppose 8*k - 3*k - 90 = a. Calculate the greatest common divisor of k and 45.
9
Let w(p) = 16*p + 2. Let y = 8 + -7. Let z be w(y). Calculate the greatest common factor of z and 126.
18
Let t be (32/(-20) + 2)*-125. Let x = 70 + t. Calculate the greatest common divisor of 8 and x.
4
Let r = -8 + 19. Let p = r + 7. What is the highest common divisor of p and 36?
18
Let l be (-9 - -3)*80/(-6). What is the greatest common divisor of 16 and l?
16
Suppose -c = 4, -2*c - 2 = p + 4. Let i = p + 7. Let k = -7 + 16. Calculate the greatest common factor of i and k.
9
Let j(v) = 13*v + 2. Let q be j(6). Calculate the highest common divisor of 10 and q.
10
Let j = 36 - 16. Calculate the greatest common divisor of 15 and j.
5
Let p(g) = -5*g**3 + 2*g**2 + 3*g + 2. Let t be p(-2). What is the greatest common factor of t and 4?
4
Let l be 14/(-6) + (-3)/(-9). Let u be ((-12)/(-9))/(l/(-18)). Suppose -78 - u = -3*v. What is the highest common factor of v and 15?
15
Let v be ((-18)/1)/(14/(-105)). Calculate the greatest common factor of v and 54.
27
Suppose -2*d - 4*w + 4 + 10 = 0, -3*d = 2*w - 25. Let y = -5 + d. Let u be y*(-1 + 1 + 20). Calculate the highest common divisor of u and 10.
10
Let u(h) = -h**2 + 7*h - 4. Let i(m) = -2*m - 1. Let w be i(-3). Let t be u(w). What is the greatest common factor of t and 54?
6
Let g(s) = -s**3 - s**2 + s + 160. Let w be g(0). Suppose 3*c = -c + w. Calculate the greatest common factor of 10 and c.
10
Let x be 4*-3*24/(-9). Calculate the highest common divisor of x and 4.
4
Let t = -46 + 49. Calculate the highest common factor of 24 and t.
3
Let z(b) = 4*b**2 + 1. Let n be z(1). Suppose 2 - n = -a. What is the highest